
22
Let r(y) be the first derivative of -3*y**4/4 - y - 2. Let i = -12 + 13. Calculate r(i).
-4
Let i(g) = g - 2. Suppose -4*h = o - 5*o + 28, -3*h = -o + 17. Suppose -15 = -3*t - 0*t. Suppose -1 - t = o*x. What is i(x)?
-5
Let u(q) = q**2 - 6*q - 10. Let l be u(7). Let m = 13 + l. Let v(p) = -3*p + 12*p - m*p. Calculate v(-3).
3
Let s(x) = x**2 - 6*x - 16. Let f be -5*(370/(-200) - (-2)/8). Give s(f).
0
Let n(i) = -i**3 - 5*i**2 + 3*i + 5. Let x = -34 + 29. Calculate n(x).
-10
Let n(z) = 6 + 17*z - 15*z - 8*z**2 - 8*z - z**3. Determine n(-7).
-1
Let p(l) be the second derivative of -1/12*l**4 + 0 - 2*l**2 - 6*l - 2/3*l**3. Suppose 0 = 2*s + 2*s + 12. What is p(s)?
-1
Let d be (-5)/10 + 2/(-4). Let n(r) = 10*r**3 + r + 1. Give n(d).
-10
Let x = 15 - 11. Let v(q) = q**2 - 5*q + 1. Determine v(x).
-3
Let m(q) = -2*q + 8. Let y(z) = -z**2 + 6*z + 13. Let t be y(7). Determine m(t).
-4
Let g(b) be the second derivative of -b**4/12 - 5*b**3/6 - b**2 + b + 5. Calculate g(-3).
4
Let b(x) be the third derivative of x**4/12 + x**3 - x**2. Suppose 0 = 3*k - 16 - 8. Suppose 2*a + k + 2 = 0. What is b(a)?
-4
Let z(a) be the second derivative of a**5/120 - a**4/6 + a**3/6 + 3*a. Let y(k) be the second derivative of z(k). Calculate y(-3).
-7
Let c(o) = 3*o**2 + 0*o - 7*o + 1 + 1 + 4*o. Let z(p) be the first derivative of p**4/4 - 2*p**3/3 - p**2 - p + 1. Let v be z(3). What is c(v)?
8
Let q = 0 - -2. Suppose 5*p - q = 4*p. Let f(a) = -1 + p - 4*a + 6*a. What is f(-2)?
-3
Let q be ((-4)/(-6))/(3/(-9)). Let p = 35 - 33. Let v(o) = -p*o + 1 + o + 0*o + 0. Give v(q).
3
Let b(d) = -12*d + 5 + 19*d - 8*d - 5*d**2 - d**3. Calculate b(-5).
10
Let s(i) = 2*i + 6. Let m(p) = -3*p + 32. Let h be m(13). Calculate s(h).
-8
Let g be (-1)/4 - (-1)/4. Suppose g = -5*a + 3*z + 21, -3*a - 3*z + 0*z + 3 = 0. Let q(f) = -f + 0*f - f**3 + a*f + 5*f**2 - 4*f - 3. Calculate q(4).
5
Suppose 0 = z + 3*z - 12. Let w(o) = 2*o**2 + z - 5*o - o**2 - 1. Give w(4).
-2
Suppose 3*m - 7 = -1. Let r(f) = 6*f**m - 3*f**2 + f**2 + 2*f - 3*f**2 + 3. Suppose -9 = 3*g - 0*g. Calculate r(g).
6
Let v(h) be the second derivative of h**5/20 + 5*h**4/12 - 5*h**3/6 - 9*h**2/2 + 2*h. Determine v(-6).
-15
Let h(c) = -c**2 - 3*c + 5. Let g be h(-4). Let l(x) be the third derivative of 7*x**4/24 + x**2. What is l(g)?
7
Let l = -5 - -5. Suppose -2*o + 6 = -l*o. Let q(d) = -8*d**o + 2*d**2 - 1 + 0 + 2 - 2*d. What is q(1)?
-7
Suppose -g - 8 = -2*f - 3*g, -4*f + 4*g = -48. Let b(j) = j**2 - 5*j - 10. Determine b(f).
14
Suppose 0 = u + 4*i + 16, 2 + 6 = u - 2*i. Suppose u*n = 2*n. Let y(a) = 2*a + 8 - 3*a - 1. What is y(n)?
7
Let w(z) be the third derivative of 7*z**6/120 + z**4/24 + z**3/6 - 10*z**2. What is w(-1)?
-7
Let c(d) = d**2 + d - 2. Suppose -q - 5 = -3*x, -3*x - 21 = 5*q + 4. What is c(q)?
18
Suppose -m - 1 = 3. Let u be 3/m + (-15)/12. Let c = u - 0. Let j(o) = -o**3 - 2*o**2 + o - 1. Calculate j(c).
-3
Let l be (-4)/(-18) + (-166)/18. Let s(n) = n + 12. Let z be s(l). Suppose z*d + 11 = -5*r, 5*r + 14 = 3*d - 5*d. Let w(f) = -2*f - 1. Determine w(d).
-7
Let n(s) = 5*s + 3 - 3 + 1 + s**3 - 6*s**2. Let q = 11 + -8. Suppose -o + 4*l + 0 = -1, 3*o - 18 = -q*l. Calculate n(o).
1
Let o(d) = -d**2 + 5*d + 1. Let z be o(-4). Let c be (-25)/z + (-4)/(-14). Let s(g) = 10*g**2 - g. Determine s(c).
9
Suppose 0 = -n + y + 3 - 1, 2 = -y. Let u(g) = g**2 + n*g**2 - 3*g**2 + g**2. Determine u(-1).
-1
Let b be (-7)/(3/3) - -1. Let q(m) be the first derivative of m**3/3 + 3*m**2 + 7*m - 3. Calculate q(b).
7
Let m(f) = f**3 - 7*f**2 - 9*f + 5. Suppose v + 10*v = 88. Calculate m(v).
-3
Let u(b) be the first derivative of 3*b**2/2 - 33*b - 2. Let v(r) = -r + 11. Let h(p) = 2*u(p) + 7*v(p). Let z be 15*1*2/6. Determine h(z).
6
Let j(r) = -r**3 + 4*r**2 - 3*r. Suppose -4*i - 2 = -2*q, 5*q + 2*i = -5 + 22. Give j(q).
0
Let q(z) = z**2 - 1 + 3*z - 4*z + 2*z. Let j = -11 + 13. What is q(j)?
5
Let p(r) be the first derivative of -r**3/3 - 9*r**2/2 - 6*r - 7. Determine p(-8).
2
Let p(c) = c**2 + 10*c + 9. Suppose -3*b - b - 15 = 5*g, 4*b + 1 = -3*g. Give p(g).
-12
Suppose j - 3 = -2*j. Let n = 5 - j. Let x(q) = q**3 - 4*q**2 - q - 3. Calculate x(n).
-7
Let w(s) = s**3 - 5*s**2 + 6*s + 4. Let p be w(3). Let v(k) = -5*k - 2. Let g(q) = 6*q + 3. Let t(r) = -4*g(r) - 5*v(r). Calculate t(p).
2
Let g(y) = 7*y. Let x(p) = 8*p + 1. Let w(l) = 4*g(l) - 3*x(l). What is w(3)?
9
Let q(r) = 4*r**2 + 3 - 57*r + 27*r + 28*r - r**3 + 0. Suppose -x + 4 = 1. What is q(x)?
6
Let p(h) = h**3 - 5*h**2 + 4*h. Let b = -7 - -10. Suppose 4*l + o = -11, -b*o = -5*l + 2*o - 45. Let k(n) = -n - 1. Let g be k(l). Calculate p(g).
-6
Let r(j) = 5. Let p(w) = -w - 8. Let u(g) = -3*g - 17. Let c(l) = -5*p(l) + 2*u(l). Let v(z) = 2*c(z) - 3*r(z). Determine v(-4).
5
Let j(t) = -10*t + 16. Let n(g) = -2*g + 3. Let k(y) = 3*j(y) - 14*n(y). Let f = -1 - -6. What is k(f)?
-4
Let c = 3 + 7. Let z(i) = i - c - 2*i + 2*i. Determine z(5).
-5
Let x(c) = 2*c**2 - c. Suppose 5*z = 10*z + 10. Let w be (z/(-4))/((-2)/(-4)). What is x(w)?
1
Let r(w) = 7*w**2 - 2*w + 4. Let l(m) = 14*m**2 - 4*m + 9. Suppose 2*n = -4*q - 26, n - 3*q = -0*q + 2. Let d(s) = n*r(s) + 3*l(s). Calculate d(1).
-6
Let m(b) = 0*b - 2*b + b + 1 - 3. Determine m(-4).
2
Let k(o) = o - 3. Let f be k(4). Suppose -3*w - 7 - f = -5*g, -4*w = 4*g. Let q(v) = 1. Let r(z) = -7*z - 1. Let n(c) = -q(c) - r(c). Determine n(g).
7
Let w(v) = -v. Suppose 3*y - y - 53 = -3*r, 8 = 2*y. Suppose -6*s + 3*s + r = 3*f, 3*f - 3*s = 21. What is w(f)?
-6
Let g(n) = n**2 - 4*n + 3. Suppose 5*i = 2*i. Let y be 0 + i - (-10 + -2). Suppose -r + l = 3*l - y, l + 8 = 3*r. Determine g(r).
3
Let x(f) be the first derivative of f**2/2 + 2*f - 1. What is x(-3)?
-1
Let j(k) be the first derivative of 4*k**4 - k**3/3 - 7. What is j(1)?
15
Let q(y) = -y - 11. Let h(n) = -10*n. Let k be h(1). Let s be q(k). Let j(m) = -2*m**2 - 5. Let u(v) = v**2 + 1. Let p(d) = s*j(d) - 3*u(d). What is p(0)?
2
Suppose 3*f = -15, -j - 3*f - 3 = -5*j. Let y(g) = g**3 + 2*g**2 - 4*g. What is y(j)?
3
Let o(d) = -3*d + 5. Let f = -37 - -42. Calculate o(f).
-10
Let p be (-34)/6 - 2/(-3). Let w(n) be the second derivative of n**5/20 + n**4/3 - 5*n**3/6 + n**2/2 + n. Calculate w(p).
1
Let p(u) = u**2 - 13*u + 14. Let r be p(12). Let t(o) = -3*o + 0*o + 2 - 3*o**3 + 3*o**2 + o**3 + o**r. Determine t(2).
-4
Suppose n + 3 + 1 = 0. Let p(r) be the second derivative of r**5/20 + 5*r**4/12 + 5*r**3/6 + 5*r**2/2 + 4*r - 2. Calculate p(n).
1
Let b(l) = -l**3 - l + 1. Let r(y) = 4*y**3 + 5*y - 6. Let a(k) = -5*b(k) - r(k). Determine a(2).
9
Let j(x) be the first derivative of x**3/3 + 2*x**2 - 2*x + 3. Suppose 0 = 5*t + 12 + 8. Give j(t).
-2
Let i(g) be the first derivative of -g**2 + g + 17. Give i(1).
-1
Let j(q) be the third derivative of q**6/120 - q**5/30 - q**4/6 - 2*q**3/3 - q**2. Give j(4).
12
Let j(v) = -4*v - 6*v**2 - 3*v + 5*v + v**3 + 5*v. What is j(5)?
-10
Suppose 0*c + 2*c = -2. Let v(m) = -m + 12. Let g be v(6). Let s(z) = -g*z**2 + z**2 + 1 - 2. Determine s(c).
-6
Let l(k) = 11*k**3 - 5*k**2 - 4*k - 17. Let b(c) = -2*c**2 - 3 - 3 + 5*c**3 - 2*c - 2. Let d(a) = 13*b(a) - 6*l(a). Let y be 1 + 1 - (-18)/18. What is d(y)?
1
Let c(s) be the second derivative of 8*s + 1/2*s**2 + 3/2*s**3 + 0. Let i be 3/(-2)*(-2)/3. What is c(i)?
10
Let w(c) = c + 7. Let a be 0 - 1/(-1) - -2. Suppose k - 12 = 4*l, 4*l - a*k + k = -12. Give w(l).
4
Let b(q) = q**3 - q. Let c(s) = 4*s**3 + 14*s**2 + 9*s - 12. Let p(w) = -3*b(w) + c(w). Let j be p(-13). Let m(g) = -7*g. Determine m(j).
-7
Let q = 12 - -8. Suppose c + 3 = -2, -t + 3*c + q = 0. Let j(n) be the first derivative of -n**2/2 + 7*n + 8. Give j(t).
2
Let i(z) = 4*z + 1. Let f(y) = -5*y - 2. Let j(c) = -5*f(c) - 6*i(c). Suppose 4*h - 5*h - 5*n + 22 = 0, -2*h - 5*n = -24. Suppose -3*m - 15 = h*m. Give j(m).
1
Let m be 14/(-49) - 46/(-14). Let b be 2 + 1/m*3. Let n(g) = g**2 - 2*g - 4. What is n(b)?
-1
Suppose 0 = 2*r - 22. Let w(h) be the first derivative of -r*h - 1/2*h**2 + 1. What is w(-5)?
-6
Let z(x) = x**3 + 2*x**2 + 2*x. Let o be z(0). Let t(m) = m**2. Let h(d) = -4*d**2 - 1. Let g(l) = -2*h(l) - 7*t(l). Calculate g(o).
2
Let n(l) = 8 - 5 - 3*l - 1 + l. Suppose -5*q - 6 + 21 = 0. Suppose 0 = -q*a - 4 + 13. Determ